/(-1)?
23
Suppose -6 = r - 4*r. Suppose u = 2*s + 2, 0 = -r*s - 2*s + 4. Suppose -3*i = -5*l + 114, -94 = -u*l - i + 2*i. Calculate the remainder when l is divided by 13.
11
Suppose 5*p - 2*z - 818 = 0, 2*p + 3*z - 5*z = 332. Calculate the remainder when 636 is divided by p.
150
Let j = -10 + 16. Suppose 0 = -8*p - 230 - 234. Let c = -37 - p. What is the remainder when c is divided by j?
3
Suppose 84 = 4*t - f, 0 = -f + 3*f. Let o = 34 - t. Let l = 30 - o. What is the remainder when l is divided by 7?
3
Suppose -629 = -7*n + 407. What is the remainder when n is divided by 38?
34
Suppose 4*m + 76 = -n, 5*n = 5*m + 81 - 11. What is the remainder when 33 is divided by (56/(-12) - -4)*m?
9
Suppose -o = 4*d - 8, 0 = 2*d + 4 - 6. Calculate the remainder when 111 is divided by o.
3
Let q = -13 - -15. Let u be -1*(1 + 1) + q. Suppose u = -5*c + 60 - 5. Calculate the remainder when 54 is divided by c.
10
Let d(b) = b + 2. Calculate the remainder when 211/19 - 8/76 is divided by d(4).
5
Let q(c) = -c**3 + 21*c**2 + 5. Let r be q(21). Let j(d) = -d**2 + 11*d - 3. What is the remainder when 160 is divided by j(r)?
25
Suppose 2*b - 16 + 2 = 0. Suppose y + 2*k - 4*k - b = 0, 0 = 5*y + 2*k - 11. Suppose -y*j + 26 = -1. What is the remainder when 15 is divided by j?
6
Let w(p) = 13 + 5*p + 5*p**3 - 4*p**3 - 4*p + p**2. Suppose 3*r - 4*r + 4*r = 0. What is the remainder when 51 is divided by w(r)?
12
Let g(a) = 28*a - 268. What is the remainder when g(18) is divided by 8?
4
Let o(u) be the third derivative of 3/8*u**4 + u**2 - 1/5*u**5 - 1/120*u**6 + 0*u + 0 - 3/2*u**3. Calculate the remainder when o(-13) is divided by 11.
10
Let d = -4 + 8. Let y be 180/(-13) + 22/(-143). Let b = -1 - y. What is the remainder when b is divided by d?
1
Let v(m) = 3*m**2 + 5*m + 6. Calculate the remainder when 152 is divided by v(-4).
16
Suppose -2*a - 2*m = 6, -1 = -2*a - 3*a - m. Suppose -3*r + 72 = -4*w + 6*w, 48 = 2*r + 2*w. What is the remainder when (a/(-2))/(2/(-188)) is divided by r?
23
Let r(u) = 3*u + 18. What is the remainder when 20 is divided by r(-4)?
2
Calculate the remainder when 47 is divided by (6/9)/(-3*(-1)/72).
15
What is the remainder when 11168/(-96)*(-8 - -1 - -1) is divided by 35?
33
Suppose 5*u - 356 = u. Let a = u + -56. Calculate the remainder when (a - -1) + 0 - 3 is divided by 11.
9
Suppose 23*i - 5*b - 427 = 22*i, 0 = -4*i - 5*b + 1608. What is the remainder when i is divided by 131?
14
Suppose -m + 28 + 4 = 0. Suppose -3*o + m = o. What is the remainder when 22 is divided by o?
6
Suppose -11*h = -25*h + 798. Calculate the remainder when 398 is divided by h.
56
Let j be ((-14)/(-3))/(4/6). Let m(r) = r**2 + 25*r + 124. What is the remainder when (-2)/(-1) + j*5 is divided by m(-19)?
7
Let p be 35 + (0 - (-7)/(21/(-6))). Let k = -4 + p. Calculate the remainder when 230 is divided by k.
27
Suppose 0 = -w - 5*s + 83, -550 = -5*w - 0*w + 2*s. What is the remainder when w is divided by 55?
53
Suppose -19*h + 36 = -192. What is the remainder when 16 is divided by h?
4
Suppose -11 = a - 15. Suppose -z - 16 = -2*i, -3*i + a*z + 24 = 5. What is the remainder when 26 is divided by i?
8
Let k(t) = -7*t + 288. Calculate the remainder when 1528 is divided by k(39).
13
Let z = 60 - 38. Let t = z - 18. Suppose -t*r + 12 = p, 0 = -3*r + 5*r - 2. Calculate the remainder when 15 is divided by p.
7
Let r(j) = j**2 + 64*j + 563. Let l(a) = a + 13. What is the remainder when r(-54) is divided by l(0)?
10
Let d = -16 - -12. Let a be 0 + d/(-12)*0. What is the remainder when 50 is divided by (2 + a - 19)/(-1)?
16
Suppose 3*r - 5*r = 36. Calculate the remainder when 62 is divided by 4/r + 1460/90.
14
Suppose 16*w - 84 = 10*w. What is the remainder when ((-12)/(-14))/3 + 990/w is divided by 18?
17
Suppose 0 = 6*s - 7*s + 4*t + 24, -5*s + 86 = -3*t. Calculate the remainder when 95 is divided by s.
15
Let c = -25 - 0. Let v = c + 37. What is the remainder when v is divided by 5?
2
Suppose -2*l = -4*o - 8, 2*l - 34 = -l - 5*o. Let q be (-8 + l)*1/2. Suppose q*u = 3*u - 18. What is the remainder when u is divided by 3?
0
Let t be (-8)/(-6)*6/4. Suppose -d - 1 = -3*c + 2*c, 3*c = t*d + 4. Suppose -c*f = f - 120. What is the remainder when f is divided by 21?
19
Suppose -7*a + 40 = -37. Let r = a - -2. What is the remainder when r is divided by (-6)/4 + (-57)/(-6)?
5
Let o(l) = l - 5. Let g(u) = u**3 - 5*u**2 - 5*u + 2. Let c be g(6). What is the remainder when 23 is divided by o(c)?
2
Suppose 14*v = 13*v + 2*d + 83, -v + 5*d = -92. Calculate the remainder when 382 is divided by v.
74
Let x(c) be the third derivative of c**5/60 + c**4/8 + 5*c**3/6 + 2*c**2. Let p be x(-5). Suppose -p = -g - 1. What is the remainder when g is divided by 4?
2
Suppose 9*c = 10*c - 12. Let w(s) = s**2 + 16*s + 7. Calculate the remainder when w(-16) is divided by ((-1)/2)/((-2)/c).
1
Let h = -5 + -4. Let l = h - -28. Let r = 66 - 30. Calculate the remainder when r is divided by l.
17
Let l = 17 + -15. Suppose 4*d = l*d + 100. Calculate the remainder when d is divided by 26.
24
Let m = 569 + -457. What is the remainder when m is divided by 31?
19
Suppose -4*a + 2*w - 80 = 0, -6*a = -a + 5*w + 130. Let x = a + 49. Let o(d) = -80*d**3 + 2*d + 1. Calculate the remainder when o(-1) is divided by x.
25
Let y = 221 + -202. Calculate the remainder when 56 is divided by y.
18
Let s be (-1)/((-6)/4 + 1). What is the remainder when ((-8)/56)/(1/(-161)) is divided by (-119)/(-9) - s/9?
10
Calculate the remainder when 364 is divided by (13/((-65)/15))/(9/(-219)).
72
What is the remainder when 9/(-15) + -1 + 1248/30 is divided by ((-22)/(-4) - 2)*2?
5
Let t = -14 + 177. Calculate the remainder when t is divided by 73.
17
Let h(a) = a**3 - 2*a**2 - 6*a + 4. Let w be h(8). Suppose -3*b = -125 - w. Suppose 0 = -4*v + b + 1. What is the remainder when v is divided by 8?
7
Suppose a - w - 19 = 0, 4*a - 5*w - 25 = 56. Calculate the remainder when (-9)/6*498/(-9) is divided by a.
13
Let p be -18 - (1 + -3 + 2). Let i = -14 - p. Suppose -i*z = -7*z + 90. What is the remainder when z is divided by 17?
13
Suppose -2*p + 4*q = 2*p - 176, -5*p + 2*q + 211 = 0. Calculate the remainder when p is divided by 15.
11
Let n(k) = 74*k**3 + 2*k**2 - 4*k + 4. Calculate the remainder when 1138 is divided by n(1).
74
Suppose 3*q - 3 - 78 = 0. Let v(t) = q + 7 - 2 + 2*t. Calculate the remainder when v(0) is divided by 17.
15
Let i be (5 - 2/2) + 7. Let h = i + -12. Calculate the remainder when 1 + (69 - (h - 1)) is divided by 25.
22
Let a = -224 + 233. Calculate the remainder when 44 is divided by a.
8
Suppose -4*g + 122 = 2*v, -4*g + 5*v - 40 + 183 = 0. Suppose -45 = 27*j - g*j. What is the remainder when j is divided by 4?
1
Suppose -83 - 365 = -14*p. Calculate the remainder when 411 is divided by p.
27
Suppose o - 3 = 2*s - s, 0 = o - 5*s - 3. Suppose 3 + 5 = 2*n. Suppose -g = n*m - 19, o*g - 31 = -2*m - 4. Calculate the remainder when g is divided by 5.
2
Let g = -365 - -491. Calculate the remainder when g is divided by 45.
36
Suppose f = -5*u + 5*f + 45, 0 = -3*u + 4*f + 35. What is the remainder when -39 - -35 - (-90)/(1 + 2) is divided by u?
1
Let d(f) = 1 - 6 + 2*f + 4. Let t(p) = p**3 - 38*p**2 + 5. Let r be t(38). Calculate the remainder when 26 is divided by d(r).
8
Suppose 10*b + 8*b = 810. What is the remainder when 88 is divided by b?
43
Let p = 26 - 24. Suppose -p*l + 4*l - 10 = -g, -2*g + 14 = 2*l. Suppose 0 = 4*x - 2*h - 132, h = -g*x - 4*h + 160. What is the remainder when x is divided by 9?
8
Let p be 13362/(-170) + (-7)/5 + 1. Let j = p - -125. Let k(x) = x**2 + x - 4. Calculate the remainder when j is divided by k(-5).
14
Let v = -28 - -17. Let c be (-1)/(-2)*(11 + v). Suppose 3*s = -3*h + 45, c = -3*h - 0*h - 15. What is the remainder when 78 is divided by s?
18
Let o(y) = -2*y - 31. Let c = -8 - -4. What is the remainder when o(-17) is divided by (3 - 5)*2/c?
0
Let r = 6 - 4. Suppose 4*v + 42 = 2*o - 4, -4*o = -r*v - 86. Calculate the remainder when o is divided by -18*3/(-5 + -4).
3
Calculate the remainder when 16 is divided by (416/(-13))/(-6 - -4).
0
Suppose -69 = 36*v - 39*v. What is the remainder when v is divided by (2 - 52/14)/(4/(-14))?
5
Let j(g) = 46*g + 54. Calculate the remainder when j(3) is divid